he greatest common factor of n and c.
9
Let t(b) = 51*b**2 + 34*b - 115. Let z be t(7). Calculate the greatest common factor of 171 and z.
57
Suppose -51 + 40 = -l. Let y(w) = -w**3 + 12*w**2 - 3*w - 3. Let r be y(l). Let d = 3 - -2. What is the highest common divisor of r and d?
5
Suppose -2*s = -27 - 31. Let i = 42 - s. Suppose 22 = -12*y + i*y. What is the greatest common divisor of 2 and y?
2
Let d be ((-174640)/1475)/(1/(-15) - 0). What is the highest common factor of 54 and d?
6
Let n be (1 - -245) + (-5)/((-10)/8). Let r be 1/(-5)*4*975/(-78). What is the highest common divisor of n and r?
10
Let a be 36/45*(-15)/6 - -8. Let y be (-1 - (-453)/5) + a/15. Calculate the greatest common divisor of 36 and y.
18
Suppose 4*v + 10 + 6 = -5*j, 3*v = -3*j - 9. Suppose -m + 19 = -v. Suppose n = 4, y + 4*n - m = n. Calculate the greatest common factor of y and 16.
8
Suppose 0 = 5*z - 15*z + 10. Let u(s) = 50*s**2 + 8*s - 7. Let i be u(z). What is the greatest common factor of i and 204?
51
Let j be 2/(-6) - 154/(-21). Let l = -438 - -452. Let b be -3 - (-481)/j - (-4)/l. Calculate the highest common divisor of 11 and b.
11
Suppose -27448 = -641*i + 138479 - 14010. Calculate the greatest common divisor of 54984 and i.
237
Let a be (-166)/1577 - (-36256)/38. What is the highest common divisor of 90 and a?
18
Let t(f) = -13*f**2 + 14*f + 33. Let h be t(-2). Let j(y) = y**2 + 49*y + 158. Let n be j(h). Calculate the highest common factor of 6 and n.
2
Suppose -5*s + 11 = -4. Suppose -297 + 281 = -4*o. Suppose -53 = s*i + o*t - 283, 2*t - 360 = -5*i. What is the highest common divisor of 14 and i?
14
Let j = 12960 - 12896. Calculate the highest common factor of j and 584.
8
Let k = -200 - -103. Let f = 102 + k. Suppose 6*a - f*d - 840 = a, -5*d = 0. Calculate the highest common divisor of 24 and a.
24
Let i = -2 + 3. Let b be (14/4 - i)*(3 + -1). Suppose -150 = -b*n + 140. Calculate the greatest common divisor of 29 and n.
29
Let z be (-15)/(12/(-27) + 4/(-18))*18. What is the highest common factor of z and 540?
135
Suppose 0 = 2*k - 35*l + 38*l - 3806, 0 = 3*k + l - 5702. What is the greatest common factor of 304 and k?
76
Let b = -2517 - -2745. Calculate the highest common divisor of 304 and b.
76
Let b = -542 - -47. Let j be b/(-20)*(2 + 8/12). Suppose j = 3*y - x, 11*y - 88 = 7*y - x. What is the highest common divisor of 198 and y?
22
Suppose g + 1794 = 4*j, -129*g + 462 = j - 127*g. Calculate the highest common factor of j and 10950.
150
Let q(v) = 2*v + 35. Let k be q(-16). Suppose -39 = -4*b - c - 0*c, c - k = 0. What is the highest common factor of b and 33?
3
Let a be 28 - 1/(-1) - -2. Let i = 111 - a. Let m(u) = -4*u**2 + 574*u - 11056. Let g be m(23). What is the greatest common factor of g and i?
10
Let g = -237 + 607. Let l = 550 - g. Suppose -10*o + 60 = -120. What is the greatest common divisor of l and o?
18
Let z(r) = -r**2 - 417*r - 4792. Let v be z(-12). What is the highest common factor of v and 9299?
17
Let a(c) = -2*c**3 + 20*c**2 + 5*c + 18. Let m be a(10). Suppose -272 = -4*j - 88. Let t = j - 29. Calculate the greatest common divisor of t and m.
17
Let z = -13443 - -13612. Calculate the greatest common divisor of z and 156.
13
Let u = 80680 + -80656. Let s be (-6)/(-15) - (-1936)/10. Let z = s - 134. Calculate the greatest common divisor of u and z.
12
Suppose -r - 3*r - 39 = -3*v, v = -4*r - 19. Let f be 120/9 - 4/r. Let s = f - -8. What is the greatest common divisor of s and 55?
11
Suppose 50 = h - 2*w, 157*w = -h + 158*w + 50. Let t be (-13)/((4/2)/10). Let q = t - -140. Calculate the greatest common divisor of q and h.
25
Suppose -19*x + 16*x = -9. Suppose -2 = -2*z - 2*k, x*k = z - k + 19. Let m be (596/8 - z)*2. Calculate the greatest common divisor of m and 62.
31
Let v be 353 + 4 - (-5 - -5). Calculate the greatest common divisor of 28 and v.
7
Let l(x) = 48*x + 388. Let n be l(-8). Calculate the highest common factor of n and 278.
2
Let g(m) = -m**2 - 6*m + 6. Let y be g(-4). Suppose 2 = y*x - 26. Let i be (-8)/2*(-2)/4. Calculate the highest common divisor of i and x.
2
Let s = 3800 + -3751. Calculate the highest common divisor of 833 and s.
49
Let s be 5/(-2) + 22/((-396)/(-81)). Suppose -q + s - 7 = 0, -4*y + q + 4421 = 0. What is the highest common divisor of 48 and y?
48
Suppose -5*t + 2*s = -1591, 0 = -t - 23*s + 20*s + 325. Suppose 1134 = t*y - 310*y. Calculate the greatest common divisor of 210 and y.
42
Suppose -s = -x - 12, -5*x - 7 - 18 = 0. Let k be (-2 + (-6)/(-15))*(-12040)/28. Let c = k + -681. What is the highest common factor of s and c?
7
Suppose 110 = 20*j + 30. Let c(n) = 2*n**3 + 11*n**2 - 11*n - 8. Let w be c(j). What is the highest common factor of 48 and w?
12
Let t(g) = -29*g + 10. Let k be 0*(-6 + 104/16). Let i be t(k). Calculate the greatest common factor of i and 290.
10
Let o = -357 - -362. Let y = 76 + -41. Suppose 2*b - y = -i + 3, -o*b - 3*i = -96. Calculate the greatest common divisor of 12 and b.
6
Let n be 30/72*4 - (-8860)/30. Suppose 14*k - 13*k = 33. What is the highest common factor of k and n?
33
Let w(h) = -13*h + 67. Let q be w(5). Suppose -v + q*u - 6*u = -81, v - 3*u = 60. Calculate the greatest common divisor of v and 69.
69
Let z(f) = 8*f**2 - f + 1. Let v be (-56)/(-12)*(-54)/(-21). Let p = 13 - v. Let d be z(p). Calculate the greatest common divisor of d and 56.
8
Suppose 3*z = 5*d - 194, z = -4*d + 111 + 34. Let x(h) = -h**2 + 57*h - 20. Let b be x(d). What is the greatest common factor of 160 and b?
80
Suppose 0 = 15*h - 16*h + 17. Suppose -v + 2 = 1, 2*i + 3*v + h = 0. Let r be i/15*((-52)/2 - -2). What is the greatest common divisor of r and 112?
16
Let k be 156594/45 + (-156)/(-351) + (-42)/135. What is the highest common factor of 200 and k?
40
Suppose -75*k + 113*k = 64*k - 20384. Calculate the highest common factor of k and 42.
14
Let k be 6830/70 + 10/7. What is the highest common divisor of 333 and k?
9
Suppose -2906 = -9*o - 173 + 1506. Calculate the greatest common factor of 24 and o.
3
Let y = 11259 + -10665. What is the greatest common divisor of 3366 and y?
198
Let z = 16143 - 16088. What is the greatest common factor of z and 29645?
55
Suppose 5*z - 5 = -3*r - 25, -3*z - 12 = -r. Suppose 0 = 47*l - 205 + 17. Suppose r*f = -l*f + 60. Calculate the highest common factor of 6 and f.
3
Let b(l) = -1218*l + 5841. Let f be b(4). What is the greatest common divisor of f and 102?
51
Let s be 7*(88/(-16) - 9)*-2. Calculate the greatest common factor of 238 and s.
7
Let u be 36 + -37 - 147*-3. What is the highest common divisor of 330 and u?
110
Let r = -154 - -94. Let q = r - -264. What is the highest common factor of q and 12?
12
Let s = -108 - -122. Suppose 0 = -4*v - 5*f + 157, -5*v - s*f + 189 = -15*f. Calculate the greatest common divisor of 266 and v.
38
Suppose -2*y - 5*c = -3*y - 63, 5 = -5*c. Let z = y + 110. Calculate the highest common factor of 168 and z.
42
Let v be (2 + (-162)/(-405) + (-49)/10)*-3510. What is the highest common divisor of v and 702?
351
Suppose 92 = 5*z - 53. Suppose 5*y = -3*g + 2*g - 1214, -4*y + 3604 = -3*g. Let i = -943 - g. Calculate the highest common factor of z and i.
29
Suppose 2*n - 3033 = -485. Let f = -6108 - -6134. Calculate the highest common divisor of f and n.
26
Let k = -1527 + 1803. Calculate the greatest common factor of 24 and k.
12
Let d = -287 + 305. Let l be 27/5 - d/45. What is the greatest common factor of 110 and l?
5
Suppose 2150 = 4*z + 3*i, -5*i + 2154 = z + 3*z. What is the greatest common factor of 40 and z?
8
Let u = 122 + -128. Let h be (-2565)/(-90)*(-56)/u. Let k(x) = -39*x**3 + x. Let b be k(-1). What is the highest common factor of h and b?
38
Let u(v) = -6*v + 0*v - 82 - 4*v + 2*v. Let i be u(-17). What is the greatest common divisor of i and 81?
27
Suppose 494*h = 516*h - 1122. What is the greatest common factor of 459 and h?
51
Let r(v) = 2*v**2 - 146*v + 220. Let i be r(74). What is the highest common divisor of i and 874?
46
Let c be (-258 + 8/1)/((-2)/12). What is the greatest common factor of c and 60?
60
Suppose c - 8*c = -35. Suppose -22*w - 492 = -24*w - z, c*w - 1227 = -4*z. Calculate the highest common factor of 19 and w.
19
Let s = 141 - 117. Let g(j) = -j**2 + 71*j - 76. Let x